{"id":119,"date":"2008-10-10T21:25:43","date_gmt":"2008-10-10T20:25:43","guid":{"rendered":"http:\/\/www.metaversa.de\/island\/?page_id=119"},"modified":"2008-10-10T21:25:43","modified_gmt":"2008-10-10T20:25:43","slug":"osterworkshop-08","status":"publish","type":"page","link":"http:\/\/www.metaversa.de\/island\/?page_id=119","title":{"rendered":"Osterworkshop &#8217;08"},"content":{"rendered":"<p>Bericht vom Osterworkshop 15. &#8211; 16. M\u00c3\u00a4rz 2008<\/p>\n<p>Wie sich im Vorfeld zeigte, hatten die am Ende des ersten Workshops im Januar gegr\u00c3\u00bcndeten Gruppen ihre selbstgestellten Aufgaben zum Aufbau der Community aus verschiednen Gr\u00c3\u00bcnden nicht erf\u00c3\u00bcllt. Ziel des zweiten Workshops sollte nun sein, diese Aufgaben gemeinsam anzugehen. Der Schwerpunkt sollte dabei zun\u00c3\u00a4chst im Aufstellen verbindlicher Regeln f\u00c3\u00bcr BesucherInnen der Metaversa Insel liegen. Im praktischen Teil ging es um das Erschaffen und Gestalten eigener Kleidungsst\u00c3\u00bccke f\u00c3\u00bcr Avatare.<\/p>\n<p><a href=\"http:\/\/www.flickr.com\/photos\/metaversa\/2335075105\/\" title=\"workshop2_gruppehuete von metaversa bei Flickr\"><img loading=\"lazy\" src=\"http:\/\/farm3.static.flickr.com\/2300\/2335075105_435f388b2c.jpg\" width=\"500\" height=\"366\" alt=\"workshop2_gruppehuete\" \/><\/a><\/p>\n<p>Sehr angeregt und teilweise hitzig verliefen die Diskussionen \u00c3\u00bcber das Aufstelen von Regeln. Im Vordergrund stand dabei die Frage, ob und in welche Ma\u00c3\u0178e der Gebrauch von Waffen auf der Insel verboten werden soll. Obwohl diese keinen Schaden anrichten, f\u00c3\u00bchlte sich die Mehrheit durch den Gebrauch bel\u00c3\u00a4stigt. Zudem bleibt oftmals \u00e2\u20ac\u017eMunition\u00e2\u20ac\u0153 liegen.<\/p>\n<p>Lange diskutiert wurde ein Kompromissvorschlag, einen kleinen Teil der Metaversa Insel zum \u00e2\u20ac\u017eHerumballern\u00e2\u20ac\u0153 weiterhin zu erhalten. Dies wurde letztendlich aber auch von der Mehrheit abgelehnt. Zweites Thema war die Einrichtung einer Administrationsgruppe, die demn\u00c3\u00a4chst in Onlinewahlen von allen Communitymitgliedern demokratisch gew\u00c3\u00a4hlt werden soll.<\/p>\n<p><a href=\"http:\/\/www.flickr.com\/photos\/metaversa\/2335076299\/\" title=\"workshop2_3 von metaversa bei Flickr\"><img loading=\"lazy\" src=\"http:\/\/farm3.static.flickr.com\/2244\/2335076299_77da38c712.jpg\" width=\"500\" height=\"327\" alt=\"workshop2_3\" \/><\/a><\/p>\n<p>Auch am zweiten Workshop hatten die TeilnehmerInnen viel Spa\u00c3\u0178, wobei sich allerdings gerade die j\u00c3\u00bcngeren TeilnehmerInnen nach einer bestimmten Zeit aus den langwierigen Regeldiskussionen ausklinkten. Mehrheitlich wurde der Wunsch ge\u00c3\u00a4u\u00c3\u0178ert, \u00c3\u00b6fter virtuelle Treffen zu veranstalten.<\/p>\n<p><a href=\"http:\/\/www.flickr.com\/photos\/metaversa\/2335907962\/\" title=\"workshop2_mode7 von metaversa bei Flickr\"><img loading=\"lazy\" src=\"http:\/\/farm4.static.flickr.com\/3243\/2335907962_6e9ce53fbe.jpg\" width=\"500\" height=\"350\" alt=\"workshop2_mode7\" \/><\/a><\/p>\n","protected":false},"excerpt":{"rendered":"<p>Bericht vom Osterworkshop 15. &#8211; 16. M\u00c3\u00a4rz 2008 Wie sich im Vorfeld zeigte, hatten die am Ende des ersten Workshops im Januar gegr\u00c3\u00bcndeten Gruppen ihre selbstgestellten Aufgaben zum Aufbau der Community aus verschiednen Gr\u00c3\u00bcnden nicht erf\u00c3\u00bcllt. Ziel des zweiten Workshops sollte nun sein, diese Aufgaben gemeinsam anzugehen. Der Schwerpunkt sollte dabei zun\u00c3\u00a4chst im Aufstellen verbindlicher Regeln f\u00c3\u00bcr BesucherInnen der Metaversa Insel liegen. Im praktischen Teil ging es um das Erschaffen und Gestalten eigener Kleidungsst\u00c3\u00bccke f\u00c3\u00bcr Avatare. Sehr angeregt und teilweise hitzig verliefen die Diskussionen \u00c3\u00bcber das Aufstelen von Regeln. Im Vordergrund stand dabei die Frage, ob und in welche Ma\u00c3\u0178e der Gebrauch von Waffen auf der Insel verboten werden soll. [&#8230;]<\/p>\n","protected":false},"author":2,"featured_media":0,"parent":0,"menu_order":0,"comment_status":"open","ping_status":"open","template":"","meta":[],"_links":{"self":[{"href":"http:\/\/www.metaversa.de\/island\/index.php?rest_route=\/wp\/v2\/pages\/119"}],"collection":[{"href":"http:\/\/www.metaversa.de\/island\/index.php?rest_route=\/wp\/v2\/pages"}],"about":[{"href":"http:\/\/www.metaversa.de\/island\/index.php?rest_route=\/wp\/v2\/types\/page"}],"author":[{"embeddable":true,"href":"http:\/\/www.metaversa.de\/island\/index.php?rest_route=\/wp\/v2\/users\/2"}],"replies":[{"embeddable":true,"href":"http:\/\/www.metaversa.de\/island\/index.php?rest_route=%2Fwp%2Fv2%2Fcomments&post=119"}],"version-history":[{"count":0,"href":"http:\/\/www.metaversa.de\/island\/index.php?rest_route=\/wp\/v2\/pages\/119\/revisions"}],"wp:attachment":[{"href":"http:\/\/www.metaversa.de\/island\/index.php?rest_route=%2Fwp%2Fv2%2Fmedia&parent=119"}],"curies":[{"name":"wp","href":"https:\/\/api.w.org\/{rel}","templated":true}]}}